{"id":222,"date":"2025-03-28T07:37:22","date_gmt":"2025-03-28T07:37:22","guid":{"rendered":"https:\/\/vano.fi\/?post_type=project&#038;p=222"},"modified":"2025-03-28T07:37:22","modified_gmt":"2025-03-28T07:37:22","slug":"saariston-soivat-perinteet","status":"publish","type":"project","link":"https:\/\/vano.fi\/fi\/project\/saariston-soivat-perinteet\/","title":{"rendered":"Saariston soivat perinteet"},"content":{"rendered":"<p>[et_pb_section fb_built=&#8221;1&#8243; _builder_version=&#8221;4.27.2&#8243; _module_preset=&#8221;default&#8221; background_image=&#8221;https:\/\/vano.fi\/wp-content\/uploads\/2024\/10\/Vano_Jimmy-Traskelin-1.jpg&#8221; parallax=&#8221;on&#8221; custom_padding=&#8221;0px||0px|||&#8221; border_width_all=&#8221;10px&#8221; border_color_all=&#8221;#FFFFFF&#8221; border_width_top=&#8221;0px&#8221; border_width_bottom=&#8221;0px&#8221; global_colors_info=&#8221;{}&#8221; theme_builder_area=&#8221;post_content&#8221;][et_pb_row custom_padding_last_edited=&#8221;on|phone&#8221; _builder_version=&#8221;4.27.2&#8243; _module_preset=&#8221;default&#8221; background_color=&#8221;#FFFFFF&#8221; width=&#8221;65%&#8221; width_tablet=&#8221;100%&#8221; width_phone=&#8221;100%&#8221; width_last_edited=&#8221;on|tablet&#8221; custom_padding=&#8221;73px|54px|73px|54px|true|true&#8221; custom_padding_tablet=&#8221;0px|33px|40px|33px|false|true&#8221; custom_padding_phone=&#8221;0px|33px|40px|33px|false|true&#8221; global_colors_info=&#8221;{}&#8221; theme_builder_area=&#8221;post_content&#8221;][et_pb_column type=&#8221;4_4&#8243; _builder_version=&#8221;4.27.2&#8243; _module_preset=&#8221;default&#8221; global_colors_info=&#8221;{}&#8221; theme_builder_area=&#8221;post_content&#8221;][et_pb_text _builder_version=&#8221;4.27.3&#8243; _module_preset=&#8221;default&#8221; header_font_size=&#8221;50px&#8221; global_colors_info=&#8221;{}&#8221; theme_builder_area=&#8221;post_content&#8221;]<\/p>\n<p class=\"p1\">\n<h1 class=\"p2\"><b>Saariston soivat perinteet<\/b><\/h1>\n<p>[\/et_pb_text][et_pb_image src=&#8221;https:\/\/vano.fi\/wp-content\/uploads\/2025\/03\/DSCF5139.jpg&#8221; title_text=&#8221;DSCF5139&#8243; _builder_version=&#8221;4.27.3&#8243; _module_preset=&#8221;default&#8221; hover_enabled=&#8221;0&#8243; global_colors_info=&#8221;{}&#8221; theme_builder_area=&#8221;post_content&#8221; sticky_enabled=&#8221;0&#8243;][\/et_pb_image][et_pb_text _builder_version=&#8221;4.27.3&#8243; _module_preset=&#8221;default&#8221; custom_margin=&#8221;25px|||||&#8221; hover_enabled=&#8221;0&#8243; global_colors_info=&#8221;{}&#8221; theme_builder_area=&#8221;post_content&#8221; sticky_enabled=&#8221;0&#8243;]<\/p>\n<p class=\"p1\">Musiikki on aina ollut t\u00e4rke\u00e4 osa saariston el\u00e4m\u00e4\u00e4. Saaristolaisviisut ovat kulkeneet sukupolvelta toiselle suullisena perinteen\u00e4, el\u00e4en jopa satoja vuosia. Laulu raikui V\u00e4n\u00f6ll\u00e4 niin ty\u00f6n lomassa kotona ja merell\u00e4 kuin kyl\u00e4n yhteisiss\u00e4 tansseissa, niityill\u00e4, kallioilla ja kyl\u00e4keinulla. Pitkin\u00e4, myrskyisin\u00e4 iltoina keskiaikaiset balladit her\u00e4ttiv\u00e4t mielikuvituksen lentoon, ja pelimannien viulut sek\u00e4 laulajien rallatukset keinuttivat valsseja lempeiden aaltojen tahdissa.<\/p>\n<p class=\"p1\">1920\u201330-luvuilla merkitt\u00e4v\u00e4 laulunker\u00e4\u00e4j\u00e4 Greta Dahlstr\u00f6m kiersi saaristoa ja tallensi useita lauluja ja balladeja. V\u00e4n\u00f6ll\u00e4 lauluperinnett\u00e4 pitiv\u00e4t yll\u00e4 Tekla Bergen Stensin ja Rosa Eriksson Bergsin tilalta.<\/p>\n<p class=\"p1\">V\u00e4n\u00f6ll\u00e4 l\u00e4hes jokaisessa talossa oli itseoppineita pelimanneja, ja soittaminen oli osa yhteis\u00f6llist\u00e4 el\u00e4m\u00e4\u00e4. Talvella j\u00e4rjestettiin tanssiaisia, joihin saavuttiin eri puolilta saaristoa \u2013 juhlat saattoivat kest\u00e4\u00e4 useita p\u00e4ivi\u00e4.<\/p>\n<p class=\"p1\">T\u00e4n\u00e4\u00e4n saariston kansanmusiikkiperinnett\u00e4 elvytt\u00e4\u00e4 <b>Spelm\u00e4n Ohoj!<\/b> yhdistys Jimmy Tr\u00e4skelinin johdolla. V\u00e4n\u00f6ll\u00e4 on j\u00e4rjestetty lukuisia tapahtumia ja yhteissoittotilaisuuksia, ja hein\u00e4kuun alussa saarella kokoontuu kansanmusiikkileiri, joka tuo soittajat yhteen harjoittelemaan ja esiintym\u00e4\u00e4n saariston ainutlaatuisessa tunnelmassa.<\/p>\n<p>[\/et_pb_text][\/et_pb_column][\/et_pb_row][\/et_pb_section]<\/p>\n","protected":false},"excerpt":{"rendered":"<p>Saariston soivat perinteetMusiikki on aina ollut t\u00e4rke\u00e4 osa saariston el\u00e4m\u00e4\u00e4. Saaristolaisviisut ovat kulkeneet sukupolvelta toiselle suullisena perinteen\u00e4, el\u00e4en jopa satoja vuosia. Laulu raikui V\u00e4n\u00f6ll\u00e4 niin ty\u00f6n lomassa kotona ja merell\u00e4 [&hellip;]<\/p>\n","protected":false},"author":1,"featured_media":223,"comment_status":"open","ping_status":"closed","template":"","meta":{"_et_pb_use_builder":"on","_et_pb_old_content":"","_et_gb_content_width":"","footnotes":""},"project_category":[10],"project_tag":[],"class_list":["post-222","project","type-project","status-publish","has-post-thumbnail","hentry","project_category-kulttuuri"],"_links":{"self":[{"href":"https:\/\/vano.fi\/fi\/wp-json\/wp\/v2\/project\/222","targetHints":{"allow":["GET"]}}],"collection":[{"href":"https:\/\/vano.fi\/fi\/wp-json\/wp\/v2\/project"}],"about":[{"href":"https:\/\/vano.fi\/fi\/wp-json\/wp\/v2\/types\/project"}],"author":[{"embeddable":true,"href":"https:\/\/vano.fi\/fi\/wp-json\/wp\/v2\/users\/1"}],"replies":[{"embeddable":true,"href":"https:\/\/vano.fi\/fi\/wp-json\/wp\/v2\/comments?post=222"}],"version-history":[{"count":2,"href":"https:\/\/vano.fi\/fi\/wp-json\/wp\/v2\/project\/222\/revisions"}],"predecessor-version":[{"id":225,"href":"https:\/\/vano.fi\/fi\/wp-json\/wp\/v2\/project\/222\/revisions\/225"}],"wp:featuredmedia":[{"embeddable":true,"href":"https:\/\/vano.fi\/fi\/wp-json\/wp\/v2\/media\/223"}],"wp:attachment":[{"href":"https:\/\/vano.fi\/fi\/wp-json\/wp\/v2\/media?parent=222"}],"wp:term":[{"taxonomy":"project_category","embeddable":true,"href":"https:\/\/vano.fi\/fi\/wp-json\/wp\/v2\/project_category?post=222"},{"taxonomy":"project_tag","embeddable":true,"href":"https:\/\/vano.fi\/fi\/wp-json\/wp\/v2\/project_tag?post=222"}],"curies":[{"name":"wp","href":"https:\/\/api.w.org\/{rel}","templated":true}]}}

<p>[et_pb_section fb_built=&#8221;1&#8243; _builder_version=&#8221;4.27.2&#8243; _module_preset=&#8221;default&#8221; background_image=&#8221;https://vano.fi/wp-content/uploads/2024/10/Vano_Jimmy-Traskelin-1.jpg&#8221; parallax=&#8221;on&#8221; custom_padding=&#8221;0px||0px|||&#8221; border_width_all=&#8221;10px&#8221; border_color_all=&#8221;#FFFFFF&#8221; border_width_top=&#8221;0px&#8221; border_width_bottom=&#8221;0px&#8221; global_colors_info=&#8221;{}&#8221; theme_builder_area=&#8221;post_content&#8221;][et_pb_row custom_padding_last_edited=&#8221;on|phone&#8221; _builder_version=&#8221;4.27.2&#8243; _module_preset=&#8221;default&#8221; background_color=&#8221;#FFFFFF&#8221; width=&#8221;65%&#8221; width_tablet=&#8221;100%&#8221; width_phone=&#8221;100%&#8221; width_last_edited=&#8221;on|tablet&#8221; custom_padding=&#8221;73px|54px|73px|54px|true|true&#8221; custom_padding_tablet=&#8221;0px|33px|40px|33px|false|true&#8221; custom_padding_phone=&#8221;0px|33px|40px|33px|false|true&#8221; global_colors_info=&#8221;{}&#8221; theme_builder_area=&#8221;post_content&#8221;][et_pb_column type=&#8221;4_4&#8243; _builder_version=&#8221;4.27.2&#8243; _module_preset=&#8221;default&#8221; global_colors_info=&#8221;{}&#8221; theme_builder_area=&#8221;post_content&#8221;][et_pb_text _builder_version=&#8221;4.27.3&#8243; _module_preset=&#8221;default&#8221; header_font_size=&#8221;50px&#8221; global_colors_info=&#8221;{}&#8221; theme_builder_area=&#8221;post_content&#8221;]</p>
<p class="p1">
<h1 class="p2"><b>Saariston soivat perinteet</b></h1>
<p>[/et_pb_text][et_pb_image src=&#8221;https://vano.fi/wp-content/uploads/2025/03/DSCF5139.jpg&#8221; title_text=&#8221;DSCF5139&#8243; _builder_version=&#8221;4.27.3&#8243; _module_preset=&#8221;default&#8221; hover_enabled=&#8221;0&#8243; global_colors_info=&#8221;{}&#8221; theme_builder_area=&#8221;post_content&#8221; sticky_enabled=&#8221;0&#8243;][/et_pb_image][et_pb_text _builder_version=&#8221;4.27.3&#8243; _module_preset=&#8221;default&#8221; custom_margin=&#8221;25px|||||&#8221; hover_enabled=&#8221;0&#8243; global_colors_info=&#8221;{}&#8221; theme_builder_area=&#8221;post_content&#8221; sticky_enabled=&#8221;0&#8243;]</p>
<p class="p1">Musiikki on aina ollut tärkeä osa saariston elämää. Saaristolaisviisut ovat kulkeneet sukupolvelta toiselle suullisena perinteenä, eläen jopa satoja vuosia. Laulu raikui Vänöllä niin työn lomassa kotona ja merellä kuin kylän yhteisissä tansseissa, niityillä, kallioilla ja kyläkeinulla. Pitkinä, myrskyisinä iltoina keskiaikaiset balladit herättivät mielikuvituksen lentoon, ja pelimannien viulut sekä laulajien rallatukset keinuttivat valsseja lempeiden aaltojen tahdissa.</p>
<p class="p1">1920–30-luvuilla merkittävä laulunkerääjä Greta Dahlström kiersi saaristoa ja tallensi useita lauluja ja balladeja. Vänöllä lauluperinnettä pitivät yllä Tekla Bergen Stensin ja Rosa Eriksson Bergsin tilalta.</p>
<p class="p1">Vänöllä lähes jokaisessa talossa oli itseoppineita pelimanneja, ja soittaminen oli osa yhteisöllistä elämää. Talvella järjestettiin tanssiaisia, joihin saavuttiin eri puolilta saaristoa – juhlat saattoivat kestää useita päiviä.</p>
<p class="p1">Tänään saariston kansanmusiikkiperinnettä elvyttää <b>Spelmän Ohoj!</b> yhdistys Jimmy Träskelinin johdolla. Vänöllä on järjestetty lukuisia tapahtumia ja yhteissoittotilaisuuksia, ja heinäkuun alussa saarella kokoontuu kansanmusiikkileiri, joka tuo soittajat yhteen harjoittelemaan ja esiintymään saariston ainutlaatuisessa tunnelmassa.</p>
<p>[/et_pb_text][/et_pb_column][/et_pb_row][/et_pb_section]</p>

<p>Saariston soivat perinteetMusiikki on aina ollut tärkeä osa saariston elämää. Saaristolaisviisut ovat kulkeneet sukupolvelta toiselle suullisena perinteenä, eläen jopa satoja vuosia. Laulu raikui Vänöllä niin työn lomassa kotona ja merellä [&hellip;]</p>
